 What is the thousands digit of m(53)?
4
Suppose -4*z = 4*o - 36, -z + 4*o = 2*z - 20. Suppose -f - d + 3 = -2*f, 0 = 3*f - 2*d + z. What is the hundreds digit of 6/(-180)*-8345 + f/12?
2
Let g(s) = s - 17. Let b(i) = i**2 - 6*i - 18. Let z be b(10). Let y be g(z). Suppose l + 2*v - 191 = 0, -y*l + 2*v + 960 = 7*v. What is the units digit of l?
3
Suppose 3*f - 37254 = -3*d, -978*f + 980*f = -d + 24833. What is the units digit of f?
5
Let f = -1622 + 10782. What is the hundreds digit of f?
1
Let v = 118 + -66. What is the thousands digit of v/(-130) + 16551/15?
1
Let j(t) = t**2 - 17*t. Let m(z) = z**3 - 7*z**2 + 2*z - 7. Let a be m(7). Let p be j(a). What is the units digit of 9/(-21) - 9270/p?
2
What is the hundreds digit of (-63380)/(-60)*(10 - 2/(-1))?
6
Let j be 4/22 - 48/22. Let c = 3 - j. Suppose s = -c*x + 323, 2*x + s + 31 - 159 = 0. What is the units digit of x?
5
Let q be (-2)/6*0 + (5 - 5). Suppose 202 = 2*h + 2*c, -3*c - 327 = -3*h - q*c. What is the tens digit of h?
0
Suppose -953 = -s - 2*m, 0*m - 4*m - 2889 = -3*s. Suppose 5*p - 15*v = -10*v + 3395, 2*v - 682 = -p. Let l = s - p. What is the hundreds digit of l?
2
Let b = 17202 - 10517. What is the units digit of b?
5
Let i(r) = -r**3 - 23*r**2 + 33*r + 68. Suppose -87 - 63 = 6*l. What is the hundreds digit of i(l)?
4
What is the hundreds digit of (6676/5)/((-176)/(-3080))?
3
Let j(x) = 96*x**2 - 97*x + 580. What is the hundreds digit of j(9)?
4
What is the thousands digit of 42/(-77) - (-775817)/77?
0
Let d be 1001/(-14)*2 - -3. What is the thousands digit of (-1)/(-14) - 181710/d?
1
Let j(s) = -14*s**2 + 5 - 17*s + 36*s + 13*s**2. What is the units digit of j(10)?
5
Suppose 3 = -r - n, -r + 4*n = -2*r - 18. Let p be (-1)/2 - 279/r. What is the units digit of p/42*36/(-2)?
0
Let h = -36 - -28. Let f(a) = -a - 7. Let q be f(h). What is the tens digit of q/2*(-133)/(-7)*6?
5
Let n be (5 + 45/(-10))*1844. Suppose 0 = -4*i + 4*x + 1576, -4*i + 5*x + n + 650 = 0. What is the units digit of i?
8
Suppose 1 = 4*n + 4*p - 11, 5*n - p + 3 = 0. Suppose -4*s + 0*x = x - 970, 3*s - 2*x - 733 = n. What is the hundreds digit of s?
2
Let r = 21983 + 16325. What is the thousands digit of r?
8
Let h(b) = b**2 - 4*b - 5. Let v(k) = k - 17. Let l be v(21). Let s be h(l). What is the tens digit of 6 + 232/20 - (-3)/s?
1
What is the hundreds digit of (-2)/17 - (-2935998)/1989?
4
Let z(j) = -40440*j + 655. What is the hundreds digit of z(-2)?
5
Let c(p) = 3*p + 17 + 22 + 8 - 16. Suppose 0 = u + 2*u + 4*g - 19, 55 = 5*u - 5*g. What is the units digit of c(u)?
8
Let z be (-3)/((12/10 - 1)*5). Let c be (-1)/z + (-28)/(-6). Suppose 4*q = -c*v + 70, 3*v + 5*q - 46 = -4. What is the units digit of v?
4
Let o(f) = -4*f**3 - 13*f**2 - 32*f + 39. What is the thousands digit of o(-12)?
5
Suppose 2*l - 9 = -5*g + 20, 4*g - 4*l = 12. Suppose 6*m = 2*n + 9*m - 10, -2*m = -4. Suppose -g*h - n*h = -1344. What is the units digit of h?
2
Suppose -4*x + 24 + 53 = 3*a, 4*x + 4*a = 72. Suppose -o + 4*z = -1569, 19*z - x*z = 3*o - 4755. What is the thousands digit of o?
1
Let u(j) = 48*j**3 - 2*j**2 + 33*j + 54. What is the thousands digit of u(7)?
6
Let l = 1111 + 6462. What is the thousands digit of l?
7
Let h = 11754 - 1988. What is the hundreds digit of h?
7
Let r = -6225 - -20869. What is the thousands digit of r?
4
Suppose 7*s = 12 + 9. Suppose 0 = 5*b - 2*n + 28, -s*n + 20 = -2*b - 0*n. What is the tens digit of 2421/21 + b/14?
1
Let r = -250 - -250. Suppose 4*u = -k + 329, -4*u + r*k + 326 = -2*k. What is the tens digit of u?
8
Let h be (-62)/3*(-75)/(-10). Let p = h - -416. What is the tens digit of p?
6
Let g(x) = -18*x + 5. Let p(c) = 55*c - 16. Let l(a) = 8*g(a) + 3*p(a). Let q be l(-5). Let b = q - -161. What is the tens digit of b?
4
Let s(m) = -11*m**2 - 70*m - 1. Let x be s(-6). Suppose 4338 + 43778 = x*n. What is the thousands digit of n?
2
Suppose -245*w + 1572066 + 1487168 = -372726. What is the ten thousands digit of w?
1
Suppose -22*n = 50*n - 329688. What is the units digit of n?
9
Let n(g) = 4365*g - 29. Let m be n(1). Suppose -m = -4*f - 0*f. What is the hundreds digit of f?
0
Let r(j) = -47*j**3 + 6*j**2 + 4*j + 3. Let q(a) = -16*a - 66. Let m be q(-4). What is the tens digit of r(m)?
9
What is the hundreds digit of 3029 + (-7 - (13/(-5) + 28/(-70)))?
0
Let d be (-4)/(-3)*((-22)/(-4) - 4). Suppose 0 = w + d*w - z - 1139, 0 = 5*w - 2*z - 1898. What is the units digit of w?
0
Suppose 5*j + 107015 = -15685. What is the hundreds digit of 4 - (j/48 + 3/(-4))?
5
Let x = -57816 + 86510. What is the hundreds digit of x?
6
Suppose -4*g + 3*g + 15 = 3*i, 4*i + 30 = 2*g. Suppose -6927 = -g*r - 2007. What is the units digit of r?
8
Let y(c) = 26*c + 8*c**2 + 140 - 286 + 158. What is the hundreds digit of y(-8)?
3
Let j(o) = 443*o - 2114. What is the tens digit of j(11)?
5
Suppose 28 = -4*u, -2*h = -5*u + 143 - 8036. What is the units digit of h?
9
Suppose 4*d - 2*z = 11020, -2*d - z + 6324 = 818. What is the units digit of d?
4
Suppose -35*w + 49*w = 14364. Suppose -2*j = 3*v - 3053, -j = 10*v - 11*v + w. What is the units digit of v?
1
Suppose -4*g + 68*n + 52756 = 64*n, -5*n = -g + 13193. What is the units digit of g?
8
Suppose -47 - 93 = -35*w. Suppose w*r = -4*i + 5216, -r - 3*r + 5241 = -i. What is the tens digit of r?
0
Suppose 5*g - t - 112 = 0, 2*g + 2*g - 92 = 2*t. What is the tens digit of (-2 + -5)*g/4*-6?
3
Suppose -t = -2*j + 1432 + 1599, 4*t + 5*j + 12137 = 0. What is the thousands digit of 72/(-12) + t/(-3)?
1
Suppose -5*h = -10, -2*r - 4*h - 6427 = -27235. What is the hundreds digit of r?
4
Let s be (6 - 6) + 1 + 2/(-2). What is the hundreds digit of 840 - (1 + (4 - s))?
8
What is the tens digit of (12/(-10))/(33/(-301950))?
8
Let r = 3541 + -1832. What is the thousands digit of r?
1
What is the hundreds digit of (0 + 7/(7/(-21465)))*(-74)/185?
5
Let i(y) = y**2 + 13*y + 69. Let a be i(-23). Let k be 2*(-2)/(4/209). Let b = a + k. What is the tens digit of b?
9
Let b be ((-15)/3)/10*-144. Let p = -68 + b. What is the units digit of -1*(2/(-4))/(p/400)?
0
What is the thousands digit of 39180/35 - (3 + 18/(-7))?
1
Suppose -h - 4*o + 3 = 0, 5*h + 1 = -2*o + 16. Let g(y) = 136*y - 49. What is the units digit of g(h)?
9
Let f(m) = -m. Let o be f(-2). What is the tens digit of (124/(-8))/(o/8*-2)?
3
What is the ten thousands digit of (86436/(-20))/(144/(-45) + 3) + -5?
2
Let a(p) = p**3 - 9*p**2 + 9*p - 4. Let h be a(8). Suppose 6*o = h*o + 292. Suppose 5*b = 194 + o. What is the tens digit of b?
6
Suppose 777*v + 6 = 780*v. What is the tens digit of (10 + -5)/(v/18)?
4
Suppose 8*b - 10*b - 40 = 0. Let l be (-5 + (-84)/b)*10/(-4). Suppose -2*v = s - 300, -4*v - v + 750 = -l*s. What is the tens digit of v?
5
Let p(l) = -l**2 + 12*l - 7. Let b be p(9). Suppose 6*c = 10*c - b. Suppose -c*y + 64 = 3*k, 3*k - 30 = -2*y + 46. What is the tens digit of k?
2
Let p = -12587 - -21895. What is the units digit of p?
8
Suppose 17*z - 848430 = -185566. What is the units digit of z?
2
Let k(m) = -3*m + 26. Let r be k(8). Suppose -3*t - r*t = -10. Suppose -2*s + 190 = 2*p, 2*p = -2*s - t*p + 188. What is the tens digit of s?
9
Let r(n) = n**3 - n + 4. Let x be r(3). Suppose x = -z - z. Let y = z - -69. What is the units digit of y?
5
Let u be (-1)/(-3) - (-352)/24. Let h = 4 - u. Let g = h - -89. What is the tens digit of g?
7
Let g(q) = -149*q - 35. Let h be g(-4). Suppose -2*z = -215 - h. What is the tens digit of z?
8
What is the units digit of 1632/(-64)*(-3 - (-2)/((-6)/1339))?
8
Let q(b) = -248*b**3 - 12*b**2 - 19*b + 55. What is the ten thousands digit of q(-7)?
8
Let w(i) = 2*i + 8. Let h be w(0). Let r be (-9)/3 - 4/h*0. What is the units digit of 79/(-2)*(-1 - (r + 4))?
9
Let u(c) = c**3 - 3*c**2 + 17*c - 57. Let g be u(3). What is the tens digit of (0 + 1340/g)*(-2085)/278?
7
Suppose -23*f + 96890 + 32319 = -10148. What is the hundreds digit of f?
0
Suppose 5*w = 4*w + 2. Let n be (4/3 + -1)/(w/24). Suppose 117 + 79 = n*t. What is the tens digit of t?
4
Let g(h) = -1177*h - 657. What is the units digit of g(-10)?
3
Let b(k) = -503*k - 5063. What is the ten thousands digit of b(-97)?
4
Let z be 5*4/(-20)*-1. Suppose -4*l + 3 = -0*y + y, 0 = 3*y + 2*l + z. What is the tens digit of 3 + (2 - ((-84)/(-